t common factor of 266 and 126.
14
Calculate the greatest common factor of 306 and 18.
18
Calculate the greatest common divisor of 8856 and 2376.
216
What is the greatest common factor of 34 and 36958?
34
What is the greatest common divisor of 1053 and 78?
39
What is the highest common factor of 232 and 56?
8
What is the highest common divisor of 7254 and 234?
234
Calculate the highest common divisor of 137 and 27537.
137
What is the highest common factor of 10 and 4?
2
What is the greatest common factor of 2 and 58?
2
Calculate the highest common divisor of 1274 and 7693.
49
What is the greatest common divisor of 42 and 462?
42
What is the highest common factor of 2119 and 13?
13
What is the greatest common factor of 1066 and 26?
26
What is the highest common divisor of 480 and 48?
48
Calculate the greatest common factor of 910 and 286.
26
What is the highest common divisor of 1081 and 92?
23
What is the highest common divisor of 403 and 39?
13
Calculate the greatest common factor of 41 and 14227.
41
Calculate the greatest common divisor of 1421 and 29.
29
What is the greatest common factor of 287 and 656?
41
Calculate the highest common divisor of 675 and 27.
27
What is the greatest common divisor of 108 and 24?
12
What is the greatest common factor of 1176 and 1911?
147
What is the highest common divisor of 77 and 517?
11
What is the greatest common divisor of 56 and 7294?
14
What is the highest common divisor of 62 and 930?
62
Calculate the greatest common divisor of 384 and 15232.
128
What is the greatest common factor of 9471 and 66?
33
What is the greatest common factor of 13 and 351?
13
What is the greatest common divisor of 255 and 105?
15
What is the greatest common divisor of 147 and 87?
3
What is the greatest common factor of 212 and 53?
53
Calculate the greatest common factor of 2538 and 1404.
54
What is the highest common divisor of 357 and 14?
7
Calculate the greatest common divisor of 330 and 60.
30
What is the greatest common factor of 69 and 11661?
69
Calculate the greatest common divisor of 1178 and 76.
38
Calculate the highest common divisor of 240 and 1060.
20
Calculate the greatest common divisor of 30163 and 217.
217
What is the highest common factor of 90 and 80?
10
Calculate the highest common factor of 12 and 822.
6
What is the highest common divisor of 393 and 35632?
131
What is the greatest common factor of 5 and 9180?
5
Calculate the highest common factor of 75 and 100.
25
Calculate the greatest common divisor of 759 and 99.
33
Calculate the highest common factor of 39 and 351.
39
Calculate the highest common factor of 3760 and 270.
10
Calculate the greatest common divisor of 135 and 75.
15
Calculate the greatest common factor of 61 and 4.
1
Calculate the greatest common divisor of 7 and 20.
1
What is the highest common divisor of 144 and 108?
36
What is the highest common divisor of 6 and 6?
6
Calculate the greatest common factor of 2871 and 297.
99
Calculate the highest common divisor of 84 and 140.
28
Calculate the greatest common divisor of 343 and 35.
7
What is the greatest common factor of 44 and 4?
4
What is the greatest common divisor of 47 and 1504?
47
Calculate the greatest common divisor of 56 and 2002.
14
Calculate the greatest common divisor of 70 and 1267.
7
What is the greatest common factor of 966 and 42?
42
What is the highest common factor of 42568 and 136?
136
What is the greatest common divisor of 12 and 52068?
12
Calculate the greatest common divisor of 235 and 752.
47
Calculate the greatest common divisor of 216 and 999.
27
What is the highest common factor of 1969 and 1074?
179
What is the highest common divisor of 28 and 20762?
14
What is the greatest common divisor of 6557 and 237?
79
Calculate the greatest common factor of 11954 and 86.
86
Calculate the greatest common divisor of 24 and 256.
8
Calculate the highest common divisor of 609 and 4756.
29
Calculate the highest common divisor of 10 and 160.
10
Calculate the greatest common factor of 3120 and 91.
13
What is the highest common factor of 213 and 24?
3
What is the greatest common factor of 14 and 390?
2
What is the greatest common factor of 60 and 25?
5
What is the highest common divisor of 153 and 68?
17
Calculate the highest common divisor of 92 and 736.
92
Calculate the greatest common divisor of 1694 and 14.
14
Calculate the greatest common factor of 1911 and 39.
39
What is the greatest common divisor of 7665 and 105?
105
Calculate the highest common factor of 26610 and 30.
30
What is the highest common factor of 24 and 14460?
12
Calculate the highest common factor of 25 and 3100.
25
Calculate the greatest common divisor of 5511 and 167.
167
Calculate the highest common divisor of 12166 and 14.
14
Calculate the highest common divisor of 336 and 2520.
168
What is the greatest common divisor of 19 and 513?
19
Calculate the highest common factor of 338 and 767.
13
Calculate the greatest common factor of 72 and 12636.
36
Calculate the greatest common divisor of 2507 and 92.
23
What is the greatest common divisor of 27 and 675?
27
Calculate the highest common factor of 55 and 10.
5
What is the highest common factor of 195 and 1530?
15
Calculate the highest common divisor of 16 and 40.
8
Calculate the greatest common divisor of 7 and 100.
1
Calculate the greatest common factor of 425 and 51.
17
What is the greatest common divisor of 2810 and 30?
10
Calculate the greatest common factor of 900 and 54.
18
What is the highest common divisor of 14 and 2?
2
Calculate the highest common factor of 26 and 31343.
13
Calculate the greatest common divisor of 99 and 45.
9
What is the highest common factor of 649 and 531?
59
Calculate the highest common factor of 556 and 28.
4
Calculate the greatest common factor of 946 and 22.
22
What is the greatest common divisor of 32 and 608?
32
Calculate the greatest common divisor of 180 and 26820.
180
Calculate the highest common factor of 846 and 36.
18
What is the highest common factor of 6 and 1059?
3
What is the highest common divisor of 455 and 520?
65
Calculate the greatest common factor of 721 and 618.
103
Calculate the greatest common factor of 14 and 854.
14
What is the highest common divisor of 798 and 56?
14
Calculate the greatest common divisor of 3 and 11.
1
What is the greatest common factor of 3255 and 279?
93
Calculate the highest common divisor of 882 and 490.
98
What is the greatest common factor of 7 and 7?
7
Calculate the greatest common factor of 18 and 5034.
6
Calculate the greatest common divisor of 21 and 56.
7
What is the highest common divisor of 10496 and 48?
16
What is the greatest common divisor of 18 and 50742?
18
Calculate the highest common factor of 61 and 183.
61
What is the highest common divisor of 5536 and 865?
173
What is the greatest common divisor of 33 and 11?
11
Calculate the greatest common divisor of 561 and 264.
33
Calculate the greatest common divisor of 1606 and 1752.
146
Calculate the greatest common factor of 2242 and 472.
118
Calculate the highest common divisor of 3906 and 1764.
126
What is the highest common divisor of 16 and 400?
16
What is the greatest common divisor of 30 and 2745?
15
What is the greatest common factor of 236 and 177?
59
What is the greatest common divisor of 195 and 1105?
65
What is the highest common divisor of 5505 and 105?
15
Calculate the highest common divisor of 30 and 42.
6
Calculate the highest common factor of 58 and 812.
58
What is the highest common divisor of 1 and 859?
1
What is the highest common factor of 28 and 770?
14
Calculate the greatest common factor of 3523 and 52.
13
Calculate the greatest common divisor of 629 and 37.
37
What is the highest common divisor of 161 and 14?
7
What is the highest common divisor of 518 and 574?
14
What is the highest common divisor of 532 and 21147?
133
Calculate the highest common factor of 32 and 82.
2
Calculate the greatest common divisor of 50 and 31550.
50
What is the greatest common divisor of 24 and 9?
3
Calculate the highest common divisor of 486 and 6.
6
What is the highest common divisor of 3178 and 42?
14
Calculate the greatest common divisor of 24 and 57.
3
What is the greatest common factor of 253 and 46?
23
Calculate the greatest common divisor of 3472 and 28.
28
Wha